{"id":1170,"date":"2025-05-31T20:23:11","date_gmt":"2025-05-31T18:23:11","guid":{"rendered":"https:\/\/polish-citizenship.eu\/index.php\/?page_id=1170"},"modified":"2025-05-31T20:37:20","modified_gmt":"2025-05-31T18:37:20","slug":"notizie-correnti","status":"publish","type":"page","link":"https:\/\/polish-citizenship.eu\/index.php\/notizie-correnti\/","title":{"rendered":"Notizie correnti"},"content":{"rendered":"\n<blockquote class=\"wp-block-quote has-background has-medium-font-size is-layout-flow wp-block-quote-is-layout-flow\" style=\"background-color:#ede8d4;padding-top:var(--wp--preset--spacing--10);padding-bottom:var(--wp--preset--spacing--10)\">\n<p class=\"has-text-align-center\"><strong>Avviso:<\/strong>&nbsp; Questa \u00e8 una traduzione automatica dal polacco. La precisione potrebbe variare<\/p>\n<\/blockquote>\n\n\n\n<div style=\"height:30px\" aria-hidden=\"true\" class=\"wp-block-spacer\"><\/div>\n\n\n\n<hr class=\"wp-block-separator has-alpha-channel-opacity\"\/>\n\n\n<ul class=\"wp-block-latest-posts__list has-dates wp-block-latest-posts\"><li><a class=\"wp-block-latest-posts__post-title\" href=\"https:\/\/polish-citizenship.eu\/index.php\/carenze-formali-nella-domanda-di-conferma-della-cittadinanza-polacca-sentenza-della-corte-suprema-amministrativa-del-21-agosto-2015-caso-n-ii-osk-3115-14\/\">Carenze formali nella domanda di conferma della cittadinanza polacca &#8211; Sentenza della Corte Suprema Amministrativa del 21 agosto 2015, Caso n. II OSK 3115\/14<\/a><time datetime=\"2026-03-12T14:47:50+01:00\" class=\"wp-block-latest-posts__post-date\">2026-03-12<\/time><div class=\"wp-block-latest-posts__post-full-content\"><!-- wp:paragraph -->\n<p><strong>ATTENZIONE \u2013 QUESTA \u00c8 UNA TRADUZIONE AUTOMATICA dal polacco<\/strong><\/p>\n<!-- \/wp:paragraph -->\n\n<!-- wp:paragraph -->\n<p><\/p>\n<!-- \/wp:paragraph -->\n\n<!-- wp:paragraph -->\n<p>Con sentenza del 21 agosto 2015, la Corte Suprema Amministrativa ha annullato la sentenza del Tribunale Amministrativo Regionale di Varsavia e ha ordinato al Voivoda della Masovia di esaminare il merito di una domanda di conferma della cittadinanza polacca. Il caso riguardava la mancata elaborazione della domanda a causa della mancata fornitura di informazioni dettagliate sulle iniziali del richiedente fino al secondo grado.<\/p>\n<!-- \/wp:paragraph -->\n\n<!-- wp:paragraph -->\n<p>La Corte ha ritenuto che la mancanza di dati personali completi relativi ai nonni (inclusi nomi da nubile, date e luoghi di nascita, dati dei genitori, stato civile e cittadinanza) costituisse una carenza formale ai sensi dell&#8217;articolo 64 \u00a7 2 del Codice di Procedura Amministrativa, che giustificava il mancato trattamento della domanda. La Corte Suprema Amministrativa non ha condiviso tale interpretazione. Il tribunale ha chiaramente distinto le carenze formali della domanda dagli elementi sostanziali soggetti a valutazione nella fase sostanziale. Le carenze formali includono principalmente gli elementi indicati nell&#8217;articolo 63 del Codice di Procedura Amministrativa e i dati essenziali identificativi del richiedente, come definiti dalla Legge sulla Cittadinanza Polacca. Le informazioni dettagliate relative ai dati preliminari di secondo grado, di cui all&#8217;articolo 56, paragrafo 1, in combinato disposto con l&#8217;articolo 13, paragrafo 1, della Legge, servono a stabilire le circostanze di fatto del caso e non costituiscono una condizione per l&#8217;avvio formale del procedimento.<\/p>\n<!-- \/wp:paragraph -->\n\n<!-- wp:paragraph -->\n<p>La Corte Suprema Amministrativa ha sottolineato che una citazione ai sensi dell&#8217;articolo 64, paragrafo 2, del Codice di Procedura Amministrativa non pu\u00f2 comportare una valutazione sostanziale prematura della domanda. Se il richiedente non conosce i dati specifici e, nonostante la dovuta diligenza, non \u00e8 in grado di determinarli, l&#8217;autorit\u00e0 non pu\u00f2 imporre l&#8217;obbligo di non trattare la domanda. L&#8217;obbligo di presentare dati e documenti non esonera l&#8217;autorit\u00e0 dall&#8217;avvio di un procedimento esplicativo. La sentenza ha un notevole significato pratico: limita l&#8217;eccessivo formalismo nei casi riguardanti la conferma della cittadinanza polacca e conferma che la mancanza di dati completi sugli antenati, soprattutto quando \u00e8 oggettivamente impossibile determinarli, non pu\u00f2 impedire a una parte di far esaminare la propria domanda nel merito.<\/p>\n<!-- \/wp:paragraph --><\/div><\/li>\n<\/ul>\n\n\n<div style=\"height:30px\" aria-hidden=\"true\" class=\"wp-block-spacer\"><\/div>\n\n\n\n<hr class=\"wp-block-separator has-alpha-channel-opacity\"\/>\n\n\n<ul class=\"wp-block-latest-posts__list has-dates wp-block-latest-posts\"><li><a class=\"wp-block-latest-posts__post-title\" href=\"https:\/\/polish-citizenship.eu\/index.php\/carenze-formali-nella-domanda-di-conferma-della-cittadinanza-polacca-sentenza-della-corte-suprema-amministrativa-del-21-agosto-2015-caso-n-ii-osk-3115-14\/\">Carenze formali nella domanda di conferma della cittadinanza polacca &#8211; Sentenza della Corte Suprema Amministrativa del 21 agosto 2015, Caso n. II OSK 3115\/14<\/a><time datetime=\"2026-03-12T14:47:50+01:00\" class=\"wp-block-latest-posts__post-date\">2026-03-12<\/time><\/li>\n<li><a class=\"wp-block-latest-posts__post-title\" href=\"https:\/\/polish-citizenship.eu\/index.php\/modifiche-nellattribuzione-della-cittadinanza\/\">Modifiche nell&#8217;attribuzione della cittadinanza<\/a><time datetime=\"2026-02-23T16:39:15+01:00\" class=\"wp-block-latest-posts__post-date\">2026-02-23<\/time><\/li>\n<li><a class=\"wp-block-latest-posts__post-title\" href=\"https:\/\/polish-citizenship.eu\/index.php\/modifica-alla-legge-sulla-cittadinanza-polacca-nuove-tasse-e-scadenze-piu-lunghe\/\">Modifica alla Legge sulla Cittadinanza Polacca: Nuove tasse e scadenze pi\u00f9 lunghe<\/a><time datetime=\"2026-01-22T13:22:22+01:00\" class=\"wp-block-latest-posts__post-date\">2026-01-22<\/time><\/li>\n<li><a class=\"wp-block-latest-posts__post-title\" href=\"https:\/\/polish-citizenship.eu\/index.php\/emigrazione-del-1913-dallex-regno-di-polonia-spartizione-russa\/\">Emigrazione del 1913 dall&#8217;ex Regno di Polonia (Spartizione Russa)<\/a><time datetime=\"2025-12-12T12:11:13+01:00\" class=\"wp-block-latest-posts__post-date\">2025-12-12<\/time><\/li>\n<li><a class=\"wp-block-latest-posts__post-title\" href=\"https:\/\/polish-citizenship.eu\/index.php\/cittadinanza-delle-donne-sposate-tra-il-1-luglio-1937-e-il-19-gennaio-1951\/\">Cittadinanza delle donne sposate tra il 1\u00b0 luglio 1937 e il 19 gennaio 1951.<\/a><time datetime=\"2025-11-26T09:44:38+01:00\" class=\"wp-block-latest-posts__post-date\">2025-11-26<\/time><\/li>\n<li><a class=\"wp-block-latest-posts__post-title\" href=\"https:\/\/polish-citizenship.eu\/index.php\/convenzioneriguardantealcunequestioni-relative-aiconflitti-di-leggisullacittadinanza-e-ilprotocollo-sui-casi-di-apolidia-firmatiallaiail-12-aprile-1930\/\">Convenzioneriguardantealcunequestioni relative aiconflitti di leggisullacittadinanza e ilProtocollo sui casi di apolidia, firmatiall\u2019Aiail 12 aprile 1930<\/a><time datetime=\"2025-10-17T18:12:14+02:00\" class=\"wp-block-latest-posts__post-date\">2025-10-17<\/time><\/li>\n<li><a class=\"wp-block-latest-posts__post-title\" href=\"https:\/\/polish-citizenship.eu\/index.php\/modifica-dellaleggesullacittadinanzapolacca-modifichedal-1-luglio-2025\/\">Modifica dellaleggesullacittadinanzapolacca, modifichedal 1\u00b0 luglio 2025.<\/a><time datetime=\"2025-09-24T19:57:42+02:00\" class=\"wp-block-latest-posts__post-date\">2025-09-24<\/time><\/li>\n<li><a class=\"wp-block-latest-posts__post-title\" href=\"https:\/\/polish-citizenship.eu\/index.php\/emigrazione-prima-del-1920\/\">Emigrazione prima del 1920<\/a><time datetime=\"2025-08-25T14:15:49+02:00\" class=\"wp-block-latest-posts__post-date\">2025-08-25<\/time><\/li>\n<li><a class=\"wp-block-latest-posts__post-title\" href=\"https:\/\/polish-citizenship.eu\/index.php\/imposta-di-bollo-in-materia-di-cittadinanza-polacca\/\">Imposta di bollo in materia di cittadinanza polacca<\/a><time datetime=\"2025-07-23T20:28:35+02:00\" class=\"wp-block-latest-posts__post-date\">2025-07-23<\/time><\/li>\n<li><a class=\"wp-block-latest-posts__post-title\" href=\"https:\/\/polish-citizenship.eu\/index.php\/residenza-ininterrotta-e-ottenimento-della-cittadinanza-polacca\/\">Residenza ininterrotta e ottenimento della cittadinanza polacca<\/a><time datetime=\"2025-06-26T14:07:34+02:00\" class=\"wp-block-latest-posts__post-date\">2025-06-26<\/time><\/li>\n<li><a class=\"wp-block-latest-posts__post-title\" href=\"https:\/\/polish-citizenship.eu\/index.php\/un-percorso-abbreviato-verso-la-cittadinanza-per-le-persone-di-origine-polacca\/\">Un percorso abbreviato verso la cittadinanza per le persone di origine polacca<\/a><time datetime=\"2025-05-29T18:37:00+02:00\" class=\"wp-block-latest-posts__post-date\">2025-05-29<\/time><\/li>\n<li><a class=\"wp-block-latest-posts__post-title\" href=\"https:\/\/polish-citizenship.eu\/index.php\/acquisizione-della-cittadinanza-polacca-nel-territorio-della-spartizione-ungherese\/\">Acquisizione della cittadinanza polacca nel territorio della &#8220;spartizione ungherese&#8221;<\/a><time datetime=\"2025-04-02T10:01:00+02:00\" class=\"wp-block-latest-posts__post-date\">2025-04-02<\/time><\/li>\n<li><a class=\"wp-block-latest-posts__post-title\" href=\"https:\/\/polish-citizenship.eu\/index.php\/cittadinanza-polacca-basata-su-documenti-degli-usa\/\">Cittadinanza polacca basata su documenti degli USA<\/a><time datetime=\"2025-03-03T09:59:00+01:00\" class=\"wp-block-latest-posts__post-date\">2025-03-03<\/time><\/li>\n<li><a class=\"wp-block-latest-posts__post-title\" href=\"https:\/\/polish-citizenship.eu\/index.php\/partizione-ungherese\/\">Partizione ungherese<\/a><time datetime=\"2025-02-03T09:58:00+01:00\" class=\"wp-block-latest-posts__post-date\">2025-02-03<\/time><\/li>\n<li><a class=\"wp-block-latest-posts__post-title\" href=\"https:\/\/polish-citizenship.eu\/index.php\/manca-il-certificato-di-nascita-del-bisnonno\/\">Manca il certificato di nascita del bisnonno<\/a><time datetime=\"2025-01-02T09:57:00+01:00\" class=\"wp-block-latest-posts__post-date\">2025-01-02<\/time><\/li>\n<li><a class=\"wp-block-latest-posts__post-title\" href=\"https:\/\/polish-citizenship.eu\/index.php\/un-figlio-di-due-polacchi-puo-essere-riconosciuto-cittadino-polacco\/\">Un figlio di due polacchi pu\u00f2 essere riconosciuto cittadino polacco?<\/a><time datetime=\"2024-12-02T09:56:00+01:00\" class=\"wp-block-latest-posts__post-date\">2024-12-02<\/time><\/li>\n<li><a class=\"wp-block-latest-posts__post-title\" href=\"https:\/\/polish-citizenship.eu\/index.php\/matrimonio-previo-riconoscimento-della-cittadinanza-polacca\/\">Matrimonio previo riconoscimento della cittadinanza polacca<\/a><time datetime=\"2024-11-01T09:55:00+01:00\" class=\"wp-block-latest-posts__post-date\">2024-11-01<\/time><\/li>\n<li><a class=\"wp-block-latest-posts__post-title\" href=\"https:\/\/polish-citizenship.eu\/index.php\/condizioni-per-il-riconoscimento-della-cittadinanza-polacca-dopo-una-condanna-penale\/\">Condizioni per il riconoscimento della cittadinanza polacca dopo una condanna penale<\/a><time datetime=\"2024-10-02T09:53:00+02:00\" class=\"wp-block-latest-posts__post-date\">2024-10-02<\/time><\/li>\n<li><a class=\"wp-block-latest-posts__post-title\" href=\"https:\/\/polish-citizenship.eu\/index.php\/modalita-di-presentazione-delle-dichiarazioni-in-materia-di-cittadinanza-polacca\/\">Modalit\u00e0 di presentazione delle dichiarazioni in materia di cittadinanza polacca<\/a><time datetime=\"2024-09-02T09:51:00+02:00\" class=\"wp-block-latest-posts__post-date\">2024-09-02<\/time><\/li>\n<li><a class=\"wp-block-latest-posts__post-title\" href=\"https:\/\/polish-citizenship.eu\/index.php\/lannullamento-del-riconoscimento-della-paternita-non-viene-piu-preso-in-considerazione-nella-determinazione-cittadinanza-di-un-minore-si-tratta-di-un-cambiamento-significativo\/\">L&#8217;annullamento del riconoscimento della paternit\u00e0 non viene pi\u00f9 preso in considerazione nella determinazione cittadinanza di un minore: si tratta di un cambiamento significativo?<\/a><time datetime=\"2024-08-02T09:50:00+02:00\" class=\"wp-block-latest-posts__post-date\">2024-08-02<\/time><\/li>\n<li><a class=\"wp-block-latest-posts__post-title\" href=\"https:\/\/polish-citizenship.eu\/index.php\/avviso-urgente-in-questioni-relative-alla-cittadinanza-polacca\/\">Avviso urgente in questioni relative alla cittadinanza polacca<\/a><time datetime=\"2024-07-02T09:48:00+02:00\" class=\"wp-block-latest-posts__post-date\">2024-07-02<\/time><\/li>\n<li><a class=\"wp-block-latest-posts__post-title\" href=\"https:\/\/polish-citizenship.eu\/index.php\/una-minaccia-alla-difesa-o-alla-sicurezza-dello-stato-o-alla-tutela-della-sicurezza-e-dellordine-pubblico\/\">Una minaccia alla difesa o alla sicurezza dello Stato o alla tutela della sicurezza e dell\u2019ordine pubblico<\/a><time datetime=\"2024-06-03T09:46:00+02:00\" class=\"wp-block-latest-posts__post-date\">2024-06-03<\/time><\/li>\n<li><a class=\"wp-block-latest-posts__post-title\" href=\"https:\/\/polish-citizenship.eu\/index.php\/il-diritto-di-soggiorno-permanente-e-il-riconoscimento-della-cittadinanza-polacca\/\">Il diritto di soggiorno permanente e il riconoscimento della cittadinanza polacca<\/a><time datetime=\"2024-05-02T09:45:00+02:00\" class=\"wp-block-latest-posts__post-date\">2024-05-02<\/time><\/li>\n<li><a class=\"wp-block-latest-posts__post-title\" href=\"https:\/\/polish-citizenship.eu\/index.php\/decreto-del-22-ottobre-1947-sulla-cittadinanza-dello-stato-polacco-delle-persone-di-nazionalita-polacca-residenti-nel-territorio-dellex-citta-libera-di-danzica\/\">Decreto del 22 ottobre 1947 sulla cittadinanza dello Stato polacco delle persone di nazionalit\u00e0 polacca residenti nel territorio dell&#8217;ex Citt\u00e0 Libera di Danzica<\/a><time datetime=\"2024-04-02T09:44:00+02:00\" class=\"wp-block-latest-posts__post-date\">2024-04-02<\/time><\/li>\n<li><a class=\"wp-block-latest-posts__post-title\" href=\"https:\/\/polish-citizenship.eu\/index.php\/il-successo-dello-studio-legale-conferma-della-cittadinanza-degli-antenati-emigrati-dalla-polonia-prima-del-1920\/\">Il successo dello studio legale: conferma della cittadinanza degli antenati emigrati dalla Polonia prima del 1920.<\/a><time datetime=\"2024-03-01T09:42:00+01:00\" class=\"wp-block-latest-posts__post-date\">2024-03-01<\/time><\/li>\n<li><a class=\"wp-block-latest-posts__post-title\" href=\"https:\/\/polish-citizenship.eu\/index.php\/soggiorno-di-un-residente-ue-di-lungo-periodo\/\">Soggiorno di un residente UE di lungo periodo.<\/a><time datetime=\"2024-02-02T09:40:00+01:00\" class=\"wp-block-latest-posts__post-date\">2024-02-02<\/time><\/li>\n<li><a class=\"wp-block-latest-posts__post-title\" href=\"https:\/\/polish-citizenship.eu\/index.php\/successo-nel-procedimento-davanti-al-ministro-la-strada-per-la-conferma-della-cittadinanza-e-aperta-per-i-discendenti-dei-cittadini-polacchi-nati-prima-del-1933\/\">Successo nel procedimento davanti al Ministro: la strada per la conferma della cittadinanza \u00e8 aperta per i discendenti dei cittadini polacchi nati prima del 1933<\/a><time datetime=\"2024-01-01T09:39:00+01:00\" class=\"wp-block-latest-posts__post-date\">2024-01-01<\/time><\/li>\n<li><a class=\"wp-block-latest-posts__post-title\" href=\"https:\/\/polish-citizenship.eu\/index.php\/stabilire-il-padre-un-anno-dopo-la-nascita\/\">Stabilire il padre un anno dopo la nascita<\/a><time datetime=\"2023-12-01T09:38:00+01:00\" class=\"wp-block-latest-posts__post-date\">2023-12-01<\/time><\/li>\n<li><a class=\"wp-block-latest-posts__post-title\" href=\"https:\/\/polish-citizenship.eu\/index.php\/da-quando-le-decisioni-sulla-cittadinanza-polacca-sono-definitive-cambiamenti-significativi-nella-normativa\/\">Da quando le decisioni sulla cittadinanza polacca sono definitive? \u2013 cambiamenti significativi nella normativa<\/a><time datetime=\"2023-11-02T09:36:00+01:00\" class=\"wp-block-latest-posts__post-date\">2023-11-02<\/time><\/li>\n<li><a class=\"wp-block-latest-posts__post-title\" href=\"https:\/\/polish-citizenship.eu\/index.php\/perdita-della-cittadinanza-polacca-da-parte-di-figlie-illegittime\/\">Perdita della cittadinanza polacca da parte di figlie illegittime<\/a><time datetime=\"2023-10-02T09:34:00+02:00\" class=\"wp-block-latest-posts__post-date\">2023-10-02<\/time><\/li>\n<li><a class=\"wp-block-latest-posts__post-title\" href=\"https:\/\/polish-citizenship.eu\/index.php\/una-svolta-nei-casi-di-figlie-sposate-con-doppia-cittadinanza-ai-sensi-della-legge-sulla-cittadinanza-polacca-del-1920\/\">Una svolta nei casi di figlie sposate con doppia cittadinanza ai sensi della legge sulla cittadinanza polacca del 1920<\/a><time datetime=\"2023-09-01T09:33:00+02:00\" class=\"wp-block-latest-posts__post-date\">2023-09-01<\/time><\/li>\n<li><a class=\"wp-block-latest-posts__post-title\" href=\"https:\/\/polish-citizenship.eu\/index.php\/nessun-divieto-generale-sulla-doppia-cittadinanza-ai-sensi-della-legge-sulla-cittadinanza-polacca-dal-1920\/\">Nessun divieto generale sulla doppia cittadinanza ai sensi della legge sulla cittadinanza polacca dal 1920<\/a><time datetime=\"2023-08-02T09:31:00+02:00\" class=\"wp-block-latest-posts__post-date\">2023-08-02<\/time><\/li>\n<li><a class=\"wp-block-latest-posts__post-title\" href=\"https:\/\/polish-citizenship.eu\/index.php\/riconoscimento-come-cittadino-polacco-con-permesso-di-soggiorno-permanente\/\">Riconoscimento come cittadino polacco con permesso di soggiorno permanente<\/a><time datetime=\"2023-07-03T09:28:00+02:00\" class=\"wp-block-latest-posts__post-date\">2023-07-03<\/time><\/li>\n<li><a class=\"wp-block-latest-posts__post-title\" href=\"https:\/\/polish-citizenship.eu\/index.php\/permesso-di-soggiorno-permanente-previo-riconoscimento-di-cittadino-polacco\/\">Permesso di soggiorno permanente previo riconoscimento di cittadino polacco<\/a><time datetime=\"2023-06-02T09:27:00+02:00\" class=\"wp-block-latest-posts__post-date\">2023-06-02<\/time><\/li>\n<li><a class=\"wp-block-latest-posts__post-title\" href=\"https:\/\/polish-citizenship.eu\/index.php\/accordi-bilaterali-di-cui-la-polonia-e-parte-che-aboliscono-lobbligo-di-legalizzare-i-documenti\/\">Accordi bilaterali di cui la Polonia \u00e8 parte, che aboliscono l&#8217;obbligo di legalizzare i documenti<\/a><time datetime=\"2023-05-02T09:25:00+02:00\" class=\"wp-block-latest-posts__post-date\">2023-05-02<\/time><\/li>\n<li><a class=\"wp-block-latest-posts__post-title\" href=\"https:\/\/polish-citizenship.eu\/index.php\/paesi-in-cui-lobbligo-di-legalizzare-i-documenti-non-e-stato-abolito\/\">Paesi in cui l&#8217;obbligo di legalizzare i documenti non \u00e8 stato abolito<\/a><time datetime=\"2023-04-03T09:21:00+02:00\" class=\"wp-block-latest-posts__post-date\">2023-04-03<\/time><\/li>\n<li><a class=\"wp-block-latest-posts__post-title\" href=\"https:\/\/polish-citizenship.eu\/index.php\/regolamento-ue-2016\/\">Regolamento (UE) 2016\/1191 del Parlamento europeo e del Consiglio, del 6 luglio 2016, che promuove la libera circolazione dei cittadini semplificando gli obblighi di presentazione di determinati documenti pubblici nell&#8217;Unione europea e che modifica il regolamento (UE) n.<\/a><time datetime=\"2023-03-02T09:19:00+01:00\" class=\"wp-block-latest-posts__post-date\">2023-03-02<\/time><\/li>\n<li><a class=\"wp-block-latest-posts__post-title\" href=\"https:\/\/polish-citizenship.eu\/index.php\/tutto-sullapostille\/\">Tutto sull&#8217;Apostille<\/a><time datetime=\"2023-02-01T09:17:00+01:00\" class=\"wp-block-latest-posts__post-date\">2023-02-01<\/time><\/li>\n<li><a class=\"wp-block-latest-posts__post-title\" href=\"https:\/\/polish-citizenship.eu\/index.php\/il-destino-degli-insorti-e-dei-discendenti-dei-cittadini-della-prima-repubblica-nelle-disposizioni-del-trattato-di-riga-del-1921\/\">Il destino degli insorti e dei discendenti dei cittadini della Prima Repubblica nelle disposizioni del Trattato di Riga del 1921<\/a><time datetime=\"2023-01-02T09:15:00+01:00\" class=\"wp-block-latest-posts__post-date\">2023-01-02<\/time><\/li>\n<li><a class=\"wp-block-latest-posts__post-title\" href=\"https:\/\/polish-citizenship.eu\/index.php\/puoi-richiedere-un-passaporto-polacco-in-polonia-o-allestero\/\">Puoi richiedere un passaporto polacco in Polonia o all&#8217;estero.<\/a><time datetime=\"2022-12-01T09:12:00+01:00\" class=\"wp-block-latest-posts__post-date\">2022-12-01<\/time><\/li>\n<li><a class=\"wp-block-latest-posts__post-title\" href=\"https:\/\/polish-citizenship.eu\/index.php\/il-sistema-archivistico-in-polonia\/\">Il sistema archivistico in Polonia<\/a><time datetime=\"2022-11-02T20:29:00+01:00\" class=\"wp-block-latest-posts__post-date\">2022-11-02<\/time><\/li>\n<li><a class=\"wp-block-latest-posts__post-title\" href=\"https:\/\/polish-citizenship.eu\/index.php\/cittadinanza-delle-figlie-nuziali-minorenni-e-sentenza-della-suprema-corte-amministrativa-del-27-aprile-2022-fascicolo-n-ii-osk-1648-19\/\">Cittadinanza delle figlie nuziali minorenni e sentenza della Suprema Corte Amministrativa del 27 aprile 2022 (fascicolo n. II OSK 1648\/19)<\/a><time datetime=\"2022-10-03T20:24:00+02:00\" class=\"wp-block-latest-posts__post-date\">2022-10-03<\/time><\/li>\n<\/ul>","protected":false},"excerpt":{"rendered":"<p>Avviso:&nbsp; Questa \u00e8 una traduzione automatica dal polacco. La precisione potrebbe variare<\/p>\n","protected":false},"author":1,"featured_media":0,"parent":0,"menu_order":0,"comment_status":"closed","ping_status":"closed","template":"wp-custom-template-strona-it","meta":{"footnotes":""},"class_list":["post-1170","page","type-page","status-publish","hentry"],"_links":{"self":[{"href":"https:\/\/polish-citizenship.eu\/index.php\/wp-json\/wp\/v2\/pages\/1170","targetHints":{"allow":["GET"]}}],"collection":[{"href":"https:\/\/polish-citizenship.eu\/index.php\/wp-json\/wp\/v2\/pages"}],"about":[{"href":"https:\/\/polish-citizenship.eu\/index.php\/wp-json\/wp\/v2\/types\/page"}],"author":[{"embeddable":true,"href":"https:\/\/polish-citizenship.eu\/index.php\/wp-json\/wp\/v2\/users\/1"}],"replies":[{"embeddable":true,"href":"https:\/\/polish-citizenship.eu\/index.php\/wp-json\/wp\/v2\/comments?post=1170"}],"version-history":[{"count":4,"href":"https:\/\/polish-citizenship.eu\/index.php\/wp-json\/wp\/v2\/pages\/1170\/revisions"}],"predecessor-version":[{"id":1180,"href":"https:\/\/polish-citizenship.eu\/index.php\/wp-json\/wp\/v2\/pages\/1170\/revisions\/1180"}],"wp:attachment":[{"href":"https:\/\/polish-citizenship.eu\/index.php\/wp-json\/wp\/v2\/media?parent=1170"}],"curies":[{"name":"wp","href":"https:\/\/api.w.org\/{rel}","templated":true}]}}